{"id":193,"date":"2023-03-27T14:45:04","date_gmt":"2023-03-27T17:45:04","guid":{"rendered":"https:\/\/www.escuderiacoqueiro.com.br\/shop\/?post_type=product&#038;p=193"},"modified":"2023-03-27T14:45:04","modified_gmt":"2023-03-27T17:45:04","slug":"graxa-liquida-spray-300ml","status":"publish","type":"product","link":"https:\/\/www.escuderiacoqueiro.com.br\/shop\/produtos\/lubrificantes\/graxa-liquida-spray-300ml\/","title":{"rendered":"GRAXA L\u00cdQUIDA SPRAY 300ml"},"content":{"rendered":"<p>Produto elaborado a partir de \u00f3leos sint\u00e9ticos para ser utilizado em superf\u00edcies que necessitam de lubrifica\u00e7\u00e3o em performance e alta ader\u00eancia. Deve ser usado em partes e pe\u00e7as que est\u00e3o sujeitas a altas temperaturas, press\u00f5es, pancadas e vibra\u00e7\u00f5es. Possui \u00f3tima penetra\u00e7\u00e3o e ader\u00eancia em borrachas e metais<\/p>\n<p><strong>CARACTER\u00cdSTICAS<\/strong><\/p>\n<ul>\n<li>Indicado em temperaturas entre -35C e 200C<\/li>\n<li>Altamente resistente \u00e0 \u00e1gua, \u00e1gua salgada, solu\u00e7\u00f5es alcalinas ou \u00e1cidas.<\/li>\n<li>Protege contra corros\u00e3o<\/li>\n<li>Alto poder de lubrifica\u00e7\u00e3o<\/li>\n<li>Ultra ader\u00eancia<\/li>\n<\/ul>\n","protected":false},"excerpt":{"rendered":"<p>Produto elaborado a partir de \u00f3leos sint\u00e9ticos para ser utilizado em superf\u00edcies que necessitam de lubrifica\u00e7\u00e3o em performance e alta ader\u00eancia. Deve ser usado em partes e pe\u00e7as que est\u00e3o sujeitas a altas temperaturas, press\u00f5es, pancadas e vibra\u00e7\u00f5es. Possui \u00f3tima penetra\u00e7\u00e3o e ader\u00eancia em borrachas e metais.<\/p>\n","protected":false},"featured_media":116,"comment_status":"open","ping_status":"closed","template":"","meta":[],"product_cat":[35],"product_tag":[37],"_links":{"self":[{"href":"https:\/\/www.escuderiacoqueiro.com.br\/shop\/wp-json\/wp\/v2\/product\/193"}],"collection":[{"href":"https:\/\/www.escuderiacoqueiro.com.br\/shop\/wp-json\/wp\/v2\/product"}],"about":[{"href":"https:\/\/www.escuderiacoqueiro.com.br\/shop\/wp-json\/wp\/v2\/types\/product"}],"replies":[{"embeddable":true,"href":"https:\/\/www.escuderiacoqueiro.com.br\/shop\/wp-json\/wp\/v2\/comments?post=193"}],"wp:featuredmedia":[{"embeddable":true,"href":"https:\/\/www.escuderiacoqueiro.com.br\/shop\/wp-json\/wp\/v2\/media\/116"}],"wp:attachment":[{"href":"https:\/\/www.escuderiacoqueiro.com.br\/shop\/wp-json\/wp\/v2\/media?parent=193"}],"wp:term":[{"taxonomy":"product_cat","embeddable":true,"href":"https:\/\/www.escuderiacoqueiro.com.br\/shop\/wp-json\/wp\/v2\/product_cat?post=193"},{"taxonomy":"product_tag","embeddable":true,"href":"https:\/\/www.escuderiacoqueiro.com.br\/shop\/wp-json\/wp\/v2\/product_tag?post=193"}],"curies":[{"name":"wp","href":"https:\/\/api.w.org\/{rel}","templated":true}]}}