{"id":191,"date":"2023-03-27T14:42:04","date_gmt":"2023-03-27T17:42:04","guid":{"rendered":"https:\/\/www.escuderiacoqueiro.com.br\/shop\/?post_type=product&#038;p=191"},"modified":"2023-03-27T14:42:04","modified_gmt":"2023-03-27T17:42:04","slug":"lava-a-seco-com-cera-liquida-500ml","status":"publish","type":"product","link":"https:\/\/www.escuderiacoqueiro.com.br\/shop\/produtos\/lavagem\/lava-a-seco-com-cera-liquida-500ml\/","title":{"rendered":"LAVA A SECO COM CERA L\u00cdQUIDA 500ml"},"content":{"rendered":"<p>O lava a seco com cera \u00e9 pratico e f\u00e1cil de ser usado. Limpa a superf\u00edcie de seu ve\u00edculo sem danificar a superf\u00edcie, al\u00e9m de proporcionar brilho e uma camada protetora de cera sem esfor\u00e7os. Promove limpeza e brilho intenso com apenas uma aplica\u00e7\u00e3o. F\u00f3rmula exclusivamente desenvolvida para pinturas automotivas.<\/p>\n<p><strong>CARACTER\u00cdSTICAS:<\/strong><\/p>\n<ul>\n<li>Promove limpeza e uma camada de prote\u00e7\u00e3o<\/li>\n<li>Feito exclusivamente para pinturas automotivas<\/li>\n<li>Alto poder de brilho<\/li>\n<li>F\u00e1cil de usar<\/li>\n<\/ul>\n","protected":false},"excerpt":{"rendered":"<p>O lava a seco com cera \u00e9 pratico e f\u00e1cil de ser usado. Limpa a superf\u00edcie de seu ve\u00edculo sem danificar a superf\u00edcie, al\u00e9m de proporcionar brilho e uma camada protetora de cera sem esfor\u00e7os. Promove limpeza e brilho intenso com apenas uma aplica\u00e7\u00e3o. F\u00f3rmula exclusivamente desenvolvida para pinturas automotivas.<\/p>\n","protected":false},"featured_media":110,"comment_status":"open","ping_status":"closed","template":"","meta":[],"product_cat":[31],"product_tag":[25],"_links":{"self":[{"href":"https:\/\/www.escuderiacoqueiro.com.br\/shop\/wp-json\/wp\/v2\/product\/191"}],"collection":[{"href":"https:\/\/www.escuderiacoqueiro.com.br\/shop\/wp-json\/wp\/v2\/product"}],"about":[{"href":"https:\/\/www.escuderiacoqueiro.com.br\/shop\/wp-json\/wp\/v2\/types\/product"}],"replies":[{"embeddable":true,"href":"https:\/\/www.escuderiacoqueiro.com.br\/shop\/wp-json\/wp\/v2\/comments?post=191"}],"wp:featuredmedia":[{"embeddable":true,"href":"https:\/\/www.escuderiacoqueiro.com.br\/shop\/wp-json\/wp\/v2\/media\/110"}],"wp:attachment":[{"href":"https:\/\/www.escuderiacoqueiro.com.br\/shop\/wp-json\/wp\/v2\/media?parent=191"}],"wp:term":[{"taxonomy":"product_cat","embeddable":true,"href":"https:\/\/www.escuderiacoqueiro.com.br\/shop\/wp-json\/wp\/v2\/product_cat?post=191"},{"taxonomy":"product_tag","embeddable":true,"href":"https:\/\/www.escuderiacoqueiro.com.br\/shop\/wp-json\/wp\/v2\/product_tag?post=191"}],"curies":[{"name":"wp","href":"https:\/\/api.w.org\/{rel}","templated":true}]}}